+ 7 = b - d*j. Let t(v) = v - 2. Give t(b).
-4
Let t(o) = o**3 - 6*o**2 - 9*o + 10. Let q be t(7). Let j(c) = 2*c - 3*c + 3 + c**2 + 2*c + 3*c. Calculate j(q).
3
Let u(v) = v + 4. Let l = -5 - -3. Let a be u(l). Suppose -y = -a*y - 2. Let m(n) = -2*n - 2. What is m(y)?
2
Let v(f) = f**3 + 5*f**2 - 3*f + 6. Let l(p) = p**2 + 3*p - 2. Let i be l(-4). Suppose t + 5*k = -3*t - 44, 14 = -t - i*k. Calculate v(t).
-12
Suppose 0 = 4*n - 22 + 2, 0 = 4*h + 5*n - 33. Let s(a) = a**2 - 3*a + 2. What is s(h)?
0
Suppose -4*b = -5*z + 30, -2*z - b + 1 = z. Suppose -6*k + z*k - 20 = 0. Let g(a) = -1. Let s(p) = -p - 8. Let o(r) = -5*g(r) + s(r). Give o(k).
2
Let u(g) = 3*g + 3. Let v(b) = b + 5. Let n be v(0). Suppose c - 3*i = -7, c - n*i + 13 = -c. Let t(z) = -3*z - 4. Let p(j) = c*u(j) - 3*t(j). Calculate p(-2).
6
Let a(w) = 1. Let x(l) = -l + 4. Let b(c) = 7*a(c) - 2*x(c). Determine b(1).
1
Let g(n) be the third derivative of n**4/12 + 22*n**2. Give g(-5).
-10
Let p(w) = -w**3 - w**2 + 1. Let s(h) be the first derivative of h**4/4 - 8*h**3/3 + 4*h**2 - 9*h + 3. Let i be s(7). Calculate p(i).
5
Let a(x) be the first derivative of -x**3/3 - x**2/2 - 7*x + 15. Suppose 2*u = -b + 2, 5*u - 4 = 2*b - 8. Suppose b*n = n. Determine a(n).
-7
Let p be (-6)/(-9) + 35/15. Let z(d) be the third derivative of -1/24*d**4 + 0*d + 0 + 1/6*d**p - 2*d**2. Determine z(-1).
2
Let h(q) = q**2 + q - 3*q + 3 - q. Suppose 0*o = 5*o - 20. Give h(o).
7
Let y(z) = -2*z**2 - 7*z + 10. Let m(h) = -h**2 + 7*h + 4*h**2 - 9 - 2*h**2. Let o(f) = 3*m(f) + 2*y(f). Let j = 1 + 4. Determine o(j).
3
Let j be (0/(-3))/((-21)/7). Let d(i) be the third derivative of 0*i**3 - 1/24*i**4 + 3*i**2 + j + 0*i. Calculate d(4).
-4
Let u = -10 + 16. Suppose 2*y + 0 = u. Suppose y*c + 3 = 0, -5*a = c + c + 27. Let h(m) = -m**3 - 5*m**2 + m - 6. Determine h(a).
-11
Let s(q) = -4*q - 1. Suppose -1 = -3*v + 8. Suppose f + 4 = 3*d, v*d = 5*d + 2*f + 8. Suppose -4*k + 4 = -d. Calculate s(k).
-5
Suppose -4*y + 2*t - 7 = -t, -2*t + 18 = 4*y. Let h(c) = 2 - c**3 + 6*c + 5 + 0 - 4*c**y. Determine h(-5).
2
Suppose y - 1 - 1 = 0. Suppose 6*l - y*l = 4. Let m be 12/(-16)*4/l. Let a(h) = 2*h - 2. Give a(m).
-8
Suppose 0 = 4*u + u - 80. Suppose 0 = 6*q - 2*q - u. Let w(o) = -2*o**2 + 7*o - 5. Calculate w(q).
-9
Let h(v) = -3*v**2 + v**3 + 0*v**2 + 2 + 2*v - 2*v**3. Suppose 0 = b + b - 3*n + 1, -4*b = 5*n + 13. Let r be (-3 - b)*(-3 - -6). Determine h(r).
-4
Suppose -2*y - 3*y = -25. Suppose -5*c = -20, -y*z = 2*c + c + 13. Let v(r) = r**3 + 5*r**2 + 2*r + 5. Calculate v(z).
-5
Let o(b) = 2*b**3 + 4*b**2 - 1. Let g be o(1). Let z(k) be the third derivative of -k**4/24 + k**3/2 - k**2. Give z(g).
-2
Let a(k) = 13*k - 47. Let i be a(4). Let c(b) be the third derivative of b**4/12 - b**3/3 + 2*b**2. Give c(i).
8
Let l(q) = 2*q + 5. Let i be l(-4). Let z(r) = 5*r**2 + 9*r - 8. Let k(c) = 6*c**2 + 10*c - 11. Let n(d) = -4*k(d) + 5*z(d). Give n(i).
-2
Let u(i) be the third derivative of -i**6/120 + 7*i**5/60 + 2*i**3/3 + 48*i**2. Calculate u(7).
4
Let w(m) = m**3 - 7*m**2 - 7*m - 4. Suppose 2*l + 8 = d, -4*d - 4 = -5*l - 36. Give w(d).
4
Let o = -5 + 5. Suppose 6 = -o*f + f. Suppose -i = -p + f, p = 2*i + 6*p - 23. Let l(r) = 2*r + 1. Give l(i).
-1
Let v(c) = 2*c - 1. Suppose -8*d + 4*d = -4*u - 28, d = -4*u - 3. What is v(u)?
-5
Let d(q) = q - 4. Let j(a) be the second derivative of -a**5/20 - 7*a**4/12 - 7*a**3/6 - a**2/2 - a. Let r be j(-6). What is d(r)?
1
Let b(t) = t**2 + 3*t - 3. Let c be ((-1 + 1)/1)/2. Suppose -14 = -2*j - c. Let z = 4 - j. Calculate b(z).
-3
Let n(i) = i - 1. Let d(k) = -10*k + 4. Let b(v) = d(v) + 3*n(v). What is b(1)?
-6
Let h = 16 - 22. Let g(a) be the third derivative of -a**5/60 - 5*a**4/24 + 2*a**3/3 - 4*a**2. Give g(h).
-2
Let j(g) = -75*g**2 - 4 + 3 + 76*g**2. Let h(m) = m**2 - 4*m - 4. Let t(v) = -h(v) + 2*j(v). Determine t(-3).
-1
Let v(y) = -3*y - 3. Let s(l) = -l - 1. Let o(g) = 4*s(g) - v(g). Let f(h) = -h + 1. Let k be f(-2). Suppose -p - 8 = k*p. What is o(p)?
1
Let w(z) = -z - 13. Suppose 0 = -b + 3*b. Determine w(b).
-13
Let i = -2 - -10. Suppose -i = -13*c + 15*c. Let o(b) = -b - 3. Give o(c).
1
Let o(p) be the third derivative of -1/60*p**5 + 0 - 1/6*p**3 + 0*p + 1/8*p**4 + 3*p**2. Let q(k) = k**2 + 4*k - 2. Let g be q(-5). Give o(g).
-1
Suppose 4 = -2*j, -3*j = -0*g + 4*g + 2. Let z(b) = 8*b + 1. What is z(g)?
9
Suppose 0 = -y - 2 - 0, 0 = p + 2*y + 2. Let o(k) = 4*k - 1. Let d be o(1). Let u(l) = -3*l + 2*l - d*l**p - 2 - 2*l + l**3. What is u(4)?
2
Let a be ((-6)/(-5))/(9/60). Let z(j) = 12*j + 11. Let c(r) = 8*r + 7. Let p(v) = a*c(v) - 5*z(v). Let q(w) = -w + 3. Let g be q(2). What is p(g)?
5
Let y = -8 - -11. Let p be (y/(-4))/(4/(-16)). Let g(t) = -2*t + 3 + 5*t + 0*t. Determine g(p).
12
Let z(p) be the second derivative of -5/2*p**2 - 1/6*p**3 + 0 - 3*p. What is z(0)?
-5
Let b be (2/5)/(-2 - (-93)/45). Let g(y) = y**2 - 8*y + 5. Give g(b).
-7
Let i(o) = -2*o + 3. Suppose -4*k = 7 + 13. Calculate i(k).
13
Let n(x) be the third derivative of x**4/8 - 5*x**3/6 - 6*x**2. Determine n(4).
7
Let h = 48 - 32. Let g = -12 + h. Let d(q) = q - 7. What is d(g)?
-3
Let y(q) = q**2 + 4*q. Suppose 0 = 2*w + 2*p + 2, -2*p = 4*w - 4*p - 20. Suppose -4*z = -3*a - 31, -2*a + w*z = -2*z + 30. Give y(a).
5
Let q(a) be the third derivative of -1/60*a**5 + 0*a + a**2 + 0 - 1/6*a**3 + 0*a**4. What is q(0)?
-1
Let c(r) = -r + 5. Let d be c(12). Let l(f) = -f**3 - 7*f**2 + f + 4. Calculate l(d).
-3
Suppose -4*h + 5*h = 0. Let y(d) = h + 6*d**2 + 5 - d**3 - 1 - 2*d. What is y(6)?
-8
Let o(v) be the third derivative of -v**3 + 0*v - 2*v**2 - 1/24*v**4 + 0. Calculate o(0).
-6
Suppose 3*d + 5*a = 18, a + 24 = 4*d - 2*a. Let n(h) = h**3 - 7*h**2 + 6*h - 5. Give n(d).
-5
Let q(s) = -s - 1. Let f be q(-1). Let h = -3 + 5. Let a(b) = b - 2*b + b**h + 10 + 0*b**2. Calculate a(f).
10
Suppose 2*c + b - 11 = 0, 0*c + 7 = c + b. Let k = -1 + 8. Let r = k - c. Let u(j) = -j + 1. What is u(r)?
-2
Let h(v) = -1. Let r(s) = -s - 9. Let g(u) = -5*h(u) + r(u). Let l(i) = 6*i**2 - 4*i + 2. Let t be l(1). Determine g(t).
-8
Suppose 2*m + 4*z = -12, 4*m + 2*z = -3*z - 12. Let i(j) = -j + 1. Let h(s) = 2*s**2 - 2 - 3 + s + 1. Let r(v) = -h(v) - 2*i(v). Calculate r(m).
-4
Let i(m) = -m**2 - 2*m + 5. Let h(a) = -a**2 + a + 1. Let w(u) = 2*h(u) - i(u). Let o(c) = -c**3 + 6*c**2 - 5*c + 4. Let q be o(5). What is w(q)?
-3
Let j(p) = 5*p**3 + 11*p**2 - 3*p - 35. Let s(z) = -3*z**3 - 7*z**2 + 2*z + 23. Let x(d) = 5*j(d) + 8*s(d). Give x(0).
9
Let f be -1*10*(-5)/10. Let s be (-2)/(-2) - (2 + -6). Let p(u) = 6 + 3*u**2 - f + u + u - s*u**2. What is p(2)?
-3
Let s(g) = g - 1 - 10 - 6*g + 12. Suppose 0 = 3*f - 6 - 9, -3*x + 5*f - 28 = 0. Calculate s(x).
6
Suppose -4*d = p - 30, -6*d + 45 = 2*p - d. Let r be ((-6)/(-5))/(3/p). Let j(k) = -k - r + 2 + 0*k. What is j(-2)?
0
Let d be 52/12 - (-3)/(-9). Suppose 4*b - d*r - 12 = 0, b - 28 = 5*r - 9. Let n(p) = -13*p**2 - p. Calculate n(b).
-12
Let k(h) = -h**3 - 10*h**2 + 5*h + 13. Let m(y) = -y**3 - 9*y**2 + 5*y + 12. Let d(g) = 5*k(g) - 6*m(g). Let p = 25 - 30. Determine d(p).
-7
Suppose 5*q - d = -52, 3*q + 34 = -0*q + 2*d. Let g = q + 15. Let m(u) = -u**3 + 5*u**2 - 7. Determine m(g).
-7
Let n(p) = -20*p - 23 + 0*p + 14*p**2 - 3*p**2 + 3*p**2. Let r(g) = -5*g**2 + 7*g + 8. Let u(h) = 6*n(h) + 17*r(h). What is u(-2)?
-4
Suppose 3*t - 4*z - 4 = 3, -4*t + 7 = -3*z. Let j(x) = -x + 1. What is j(t)?
0
Let n(u) = u**2 - 3*u - 3. Let p = -7 + 15. Let j = -3 + p. Give n(j).
7
Let k(x) be the second derivative of 0 + 1/6*x**3 + 2*x**2 - 3*x. Let v(j) = j**2 + 6*j + 1. Let q be v(-5). Calculate k(q).
0
Let d(q) = 1. Let k(x) = x**3 + x**2 + x + 8. Let w(t) = -6*d(t) + k(t). Let y(r) = -r**3 + 24*r**2 - 24*r + 21. Let j be y(23). Calculate w(j).
-4
Suppose 5*q - 7*q = 8. Let k(u) = 3*u + 4. Let j(y) = 8*y + 12. Let n(f) = q*j(f) + 11*k(f). Determine n(0).
-4
Suppose 0*f = 5*f - 3*p - 9, -f + 6 = -2*p. Let d(s) = -5*s + f - 7*s + 1. What is d(1)?
-11
Let n(z) be the second derivative of -z**3/6 + 3*z**2 + 3*z. Let a(i) = i - 1 + 2 + 1. Let j be a(3). Give n(j).
1
Let h be ((-8)/6)/(-4)*(-4 - -4). Let y(u) = u - 3. Give y(h).
-3
Let i(v) = -4*v**2 + v + 2. Let o(d) = -d**3 - 2*d**2 + 4*d + 1